-14510 + 0?
-14510
In base 13, what is 10 + -93094?
-93084
In base 8, what is 2 - 220433?
-220431
In base 3, what is -11110 + 1211010022?
1210221212
In base 4, what is 10321 + 2103?
13030
In base 10, what is -3 + -327353?
-327356
In base 13, what is -785b48 - -4?
-785b44
In base 7, what is -160 - -13?
-144
In base 3, what is 21111 + -112110?
-20222
In base 12, what is 8a + -27?
63
In base 6, what is -2 + -3354004?
-3354010
In base 4, what is 22031333 + 32?
22032031
In base 15, what is -4 + c7e4?
c7e0
In base 16, what is 601 + c20?
1221
In base 2, what is -100 + 111011010000001011?
111011010000000111
In base 9, what is -33611 - -8?
-33602
In base 11, what is 1 - -aa26?
aa27
In base 8, what is -25 + -43721?
-43746
In base 3, what is 10211221020 - 1?
10211221012
In base 4, what is 33312232103 - 10?
33312232033
In base 14, what is -b + 6b3?
6a6
In base 10, what is 1065316 - 3?
1065313
In base 16, what is -1 + bcc?
bcb
In base 11, what is -14 + -4100?
-4114
In base 6, what is 55431 + 321?
100152
In base 7, what is -2642 + -3055?
-6030
In base 3, what is 10221 - 21211101?
-21200110
In base 5, what is 1 + -1000233?
-1000232
In base 16, what is 2 - -365e?
3660
In base 15, what is 3 - 22d2?
-22ce
In base 4, what is 130113 - -32122?
222301
In base 2, what is 101001100 + 1001001001?
1110010101
In base 13, what is -24b597 - 4?
-24b59b
In base 2, what is 100 - -10010111111110?
10011000000010
In base 16, what is -6 - -8e1?
8db
In base 13, what is 6967 + -c?
6958
In base 6, what is -250223 + 1?
-250222
In base 3, what is 202220121 + -1102?
202212012
In base 16, what is b + -178?
-16d
In base 6, what is -3 + 342410?
342403
In base 12, what is -171a98 - 7?
-171aa3
In base 10, what is -15841 + 1?
-15840
In base 13, what is 67162 - -5?
67167
In base 2, what is -101 - -1101100110100010?
1101100110011101
In base 3, what is 12 + -2121011211?
-2121011122
In base 7, what is 154250 - 5?
154242
In base 13, what is -8 - c257a?
-c2585
In base 16, what is -913 + -11b?
-a2e
In base 2, what is 1011100001111110 - -1?
1011100001111111
In base 8, what is -402732 - 0?
-402732
In base 9, what is 0 - 76218?
-76218
In base 8, what is -272 + -23066?
-23360
In base 7, what is -244 + -2016?
-2263
In base 14, what is -2 - -9304?
9302
In base 10, what is 707 + -51?
656
In base 13, what is -2c + 191?
162
In base 16, what is 121 - 2e?
f3
In base 10, what is 0 - 14453?
-14453
In base 12, what is 4 - -b21b4?
b21b8
In base 2, what is -11100 + -110010111001?
-110011010101
In base 15, what is -33 + -4586?
-45b9
In base 2, what is -1 + -10001101110010110111?
-10001101110010111000
In base 6, what is 213 - 1510?
-1253
In base 3, what is 12 - 101001000?
-101000211
In base 15, what is -5 + d2a?
d25
In base 9, what is 34 - -10023?
10057
In base 5, what is -14 + -10023310?
-10023324
In base 7, what is 5652 - 603?
5046
In base 9, what is 4 + -18020?
-18015
In base 16, what is 1 + c9ed?
c9ee
In base 3, what is 2 - -101100110?
101100112
In base 16, what is 7701b - 5?
77016
In base 10, what is -8698 + -102?
-8800
In base 10, what is 37992 - 3?
37989
In base 2, what is -1001100 - -10011111101100?
10011110100000
In base 16, what is 38 - -4a97?
4acf
In base 7, what is -43213 - -16?
-43164
In base 13, what is -2 + -5438?
-543a
In base 4, what is -2 - -1002330?
1002322
In base 5, what is 20212211 + 34?
20212300
In base 7, what is -232 + -1265?
-1530
In base 11, what is 3 + 35a5?
35a8
In base 15, what is -5 + -38e?
-394
In base 4, what is 101302 + 331110?
1033012
In base 15, what is -670 - 15?
-685
In base 15, what is 26a3 - 5?
269d
In base 13, what is 4 + 3256b?
32572
In base 4, what is -10 - 30203?
-30213
In base 10, what is 170 + 65?
235
In base 7, what is -3 + -1224554?
-1224560
In base 8, what is 761 + -14504?
-13523
In base 3, what is -10012 - 2000?
-12012
In base 6, what is 2 - -442525?
442531
In base 7, what is 14 - -10013?
10030
In base 14, what is -40668 + 1?
-40667
In base 9, what is -56525 - -105?
-56420
In base 14, what is -1613 + 1?
-1612
In base 15, what is 2 - -1b95?
1b97
In base 5, what is -10104 + -143?
-10302
In base 10, what is 5 - -120031?
120036
In base 8, what is -232 + -15350?
-15602
In base 2, what is -10101011100100010111 - -1?
-10101011100100010110
In base 8, what is 3 - -124302?
124305
In base 15, what is -46dc + -96?
-4783
In base 5, what is 2 + 11400021?
11400023
In base 8, what is 27 - 41016?
-40767
In base 2, what is 10 - -10000110001101100?
10000110001101110
In base 6, what is -10 - -4345?
4335
In base 13, what is 3 + 18022?
18025
In base 3, what is 1 + 120221020?
120221021
In base 11, what is 34 + -319?
-295
In base 15, what is 703 + -2d?
6c5
In base 14, what is -10420 + -3?
-10423
In base 11, what is 2674 - 34a?
2325
In base 13, what is 18631 + 3?
18634
In base 15, what is -c1 - 363b?
-370c
In base 7, what is -524126 - 1?
-524130
In base 6, what is 2052 + 45404?
51500
In base 13, what is ac1 - 2?
abc
In base 10, what is 210 - 28464?
-28254
In base 14, what is 4c237 + 6?
4c23d
In base 8, what is -16 + 13602?
13564
In base 13, what is -6 + a7?
a1
In base 15, what is -99 - 2229?
-22c3
In base 10, what is 67867 + 17?
67884
In base 4, what is 3 - -311022?
311031
In base 15, what is e + -5de9?
-5dda
In base 9, what is 12508 + 8?
12517
In base 3, what is 1002111001 + 2?
1002111010
In base 16, what is -1 + -ce8b?
-ce8c
In base 4, what is 200 - -11330?
12130
In base 12, what is 19 - 3333b?
-33322
In base 11, what is a3aaa1 + -4?
a3aa98
In base 4, what is -1020201 + 1011?
-1013130
In base 8, what is 27056 - 3?
27053
In base 5, what is -33412 - 1114?
-40031
In base 13, what is -191 - 53a?
-6cb
In base 7, what is 5 - 51535?
-51530
In base 15, what is -e2 + b58?
a66
In base 6, what is -3055 - -11?
-3044
In base 2, what is 10 - -1011111010001011?
1011111010001101
In base 2, what is -1101010000010101011 + -11?
-1101010000010101110
In base 3, what is 11 - 22022220021?
-22022220010
In base 5, what is 20221 - 13?
20203
In base 3, what is 20102 + -222012211?
-221222102
In base 9, what is 178015 - -4?
178020
In base 10, what is -22862 + -9?
-22871
In base 6, what is 10 - -12231353?
12231403
In base 6, what is 10 + 4305?
4315
In base 11, what is -1 - 26a21?
-26a22
In base 3, what is 1222 - 201212?
-122220
In base 15, what is -8c - -327?
28a
In base 10, what is -30 - 2732?
-2762
In base 3, what is 1120220 - 1200222?
-10002
In base 14, what is 2 + -52867?
-52865
In base 15, what is -26ed - a?
-2708
In base 7, what is 22 - 665444?
-665422
In base 8, what is 206 - 513?
-305
In base 4, what is -101211 - 3?
-101220
In base 7, what is 542 - -316?
1161
In base 12, what is -121 - -104?
-19
In base 10, what is -696 + 1?
-695
In base 12, what is -320 + -191?
-4b1
In base 15, what is -10d - 3d?
-14b
In base 13, what is -3 + -301c?
-3022
In base 13, what is -83609 - -2?
-83607
In base 3, what is 112 + -200122221?
-200122102
In base 4, what is 11 + -11320202?
-11320131
In base 13, what is -11a42a - c?
-11a439
In base 12, what is -2aa6a4 - 5?
-2aa6a9
In base 14, what is 2b2 + -2010?
-1b3c
In base 4, what is 21 + -10000?
-3313
In base 13, what is 69a - -1b?
6b8
In base 12, what is 1 - 242b4?
-242b3
In base 13, what is -a092 - -5?
-a08a
In base 11, what is -7762 - 5?
-7767
In base 6, what is 2441001 + 3?
2441004
In base 6, what is 10053 - 113?
5540
In base 15, what is -17 + 4?
-13
In base 13, what is 521b + 11?
522c
In base 8, what is 33 + 475?
530
In base 9, what is 3 + 6635?
6638
In base 10, what is -4 - 17711?
-17715
In base 14, what is 0 + b7b3?
b7b3
In base 11, what is 5 + 3739?
3743
In base 5, what is -3202100 - 3?
-3202103
In base 11, what is 2 + -110a4?
-110a2
In base 5, what is 2 + 21341133?
21341140
In base 8, what is 1 - 24366?
-24365
In base 3, what is -11 - 112222021?
-112222102
In base 14, what is 39d2 + -21?
39b1
In base 8, what is 5 - 136211?
-136204
In base 16, what is 2 + -ecb?
-ec9
In base 11, what is 4 + a9554?
a9558
In base 14, what is -b6049 - 4?
-b604d
In base 4, what is 312213 + -1032?
311121
In base 2, what is -101101111 - -111110?
-100110001
In base 5, what is 4242403 + -3?
4242400
In base 5, what is -4 + -10333111?
-10333120
In base 9, what is 4 - 20187?
-20183
In base 13, what is 3803 - -c?
3812
In base 13, what is 1 - -ac69?
ac6a
In base 4, what is 33 + -132123221?
-132123122
In